. What are the prime factors of v?
2, 3, 13
Suppose 0 = -42*l + 45*l - 9. What are the prime factors of l/5 + -15*234/(-25)?
3, 47
Let i be (1 - (-10)/(-4))*110/(-33). Let j be 2 + (i/(-10) - (-535)/2). Suppose -3*c = 4*g - 347, j = 2*c - 4*g + 31. What are the prime factors of c?
3, 13
Suppose 0 = -9*p + 3*p - 1806. Let o be (p - -3)*(-1 - 1). What are the prime factors of (3 - o/(-28)) + (-4)/14?
2, 3
Let u = -74 + 78. Suppose f - 3 = -3*x, -3*f + 15 = u*x + 2*f. Let y = 47 - x. List the prime factors of y.
47
Let m(a) = -a**2 + 3*a + 9. Let x be m(4). Let o(j) = j**3 + 5 - 1 - 9*j + 0 - 5*j**2 + x. List the prime factors of o(7).
2, 11
Suppose 52 + 316 = 4*z. Suppose z + 48 = 5*r. Suppose -5*g + 2*d + r = -187, 0 = g + 5*d - 16. What are the prime factors of g?
41
Suppose 2*t - 4*p = 6*t - 24, t - 2*p = 0. Let d be 2/((-6)/t - -2). List the prime factors of ((-30)/d)/(-1*(-7)/(-168)).
2, 3, 5
Let g(m) = -11*m - 7. Let f(o) = 28*o**3 - o**2. Let y be f(1). Let w = y + -34. List the prime factors of g(w).
2, 5, 7
Let l(g) be the second derivative of 5*g**4/12 + g**3/6 - g**2 - 10*g. Let i be l(-3). Suppose -8*j + i + 64 = 0. What are the prime factors of j?
13
Let n be 27279/72 + (-4)/(-32). Suppose -4*g - 5*q = -416, -3*g - 67 = 2*q - n. List the prime factors of g.
2, 13
Suppose -7*z - 47 = 30. Let k(p) = -p**3 - 7*p**2 + 8*p + 8. List the prime factors of k(z).
2, 101
Let m(n) be the first derivative of 4*n**2 + 3 + 1/3*n**3 - n. List the prime factors of m(6).
83
Let w(g) = -1837*g - 8. What are the prime factors of w(-11)?
3, 6733
Let g = -66 + 179. Let m = 123 + g. What are the prime factors of m?
2, 59
Let x(g) = g**2 - 20*g + 101. Let a be x(9). List the prime factors of (1086 - -3) + 8/2 - a.
1091
Suppose 3*k = -3*q + 15636, 0 = -2*q + 2*k + k + 10454. What are the prime factors of q?
2, 2609
Let z = -16135 - -32299. List the prime factors of z.
2, 3, 449
Let h = -1429 + 2922. Let c = h - 627. What are the prime factors of c?
2, 433
Suppose -5*b - 4*w + 227970 = 10233, 5*w = -b + 43560. What are the prime factors of b?
3, 5, 2903
Let w(a) = -47*a + 378. Let f be w(5). Let r = -9 + 13. Suppose 5*p - 3*m = f, -r*p + 5*m - m = -116. List the prime factors of p.
2, 7
List the prime factors of -14 - -6 - ((-16)/(-24))/((-2)/202443).
3, 7, 17
Let g = -22 - -11. Let w = 71 + g. Let r = w - 6. List the prime factors of r.
2, 3
List the prime factors of 2/3 - (-2112600)/630.
2, 3, 13, 43
Suppose -39*r - 30 = -33*r. List the prime factors of 4 - (-494)/10 - 3/r.
2, 3
Let z be ((-2)/((-4)/86))/(-1). Let l = 43 + z. Suppose -4*s - 118 + 450 = l. What are the prime factors of s?
83
Suppose 0 = 127*z - 147*z + 28360. Let t be (3 - 6)*-1*2. Suppose 0 = -t*a + 112 + z. List the prime factors of a.
3, 5, 17
Suppose -b - 4*b = -45. Let y(c) = 5*c**2 - 6*c - 7. List the prime factors of y(b).
2, 43
Let o(l) be the third derivative of 0*l + 0 + 1/6*l**5 + 11/3*l**3 - l**2 - 7/12*l**4. What are the prime factors of o(4)?
2, 3, 7
Let r(p) = -1957*p + 936. List the prime factors of r(-12).
2, 3, 5, 11, 37
Suppose -4*c - 4*a + 256 = -6*a, -2*c + 132 = a. Let p = 316 - c. List the prime factors of p.
251
Let l = -95 - -98. Let a(h) = 56*h**3 + 2*h**2 - 8*h + 41. List the prime factors of a(l).
7, 13, 17
Let o(t) = -t**3 + 2*t**2 + 6*t - 6. Let v be o(5). Let q = 78 + v. What are the prime factors of q?
3
Suppose 134*v - 166*v = -443168. List the prime factors of v.
11, 1259
Suppose -58170 = 7*b - 5*b. What are the prime factors of b/(-55) - (-30)/165?
23
Let d(r) = -15*r - 2. Suppose -n = 5*u + 17, -4*n + 3*n = -2*u - 4. Let p be d(n). List the prime factors of (156/14)/(-3 - (-88)/p).
2, 3, 13
Suppose -23 - 1 = -2*v. Suppose 8*w = v*w. Let g(a) = -a**3 - a**2 + a + 94. What are the prime factors of g(w)?
2, 47
Let l be 19/4 - (-1)/4. Let s(r) = -r**2 - 9 - 8*r**2 + 14*r**2 + 0. What are the prime factors of s(l)?
2, 29
Let l be (-18)/(-6) - (-1 - -3). Suppose -4*p = 4*y + 12, -3*y - 10 = 4*p - l. What are the prime factors of 5 + -6 - -1*(15 + p)?
2, 7
Let l(v) = -v**3 - 7*v**2 - 13*v + 1. Let o be l(-4). Suppose 4*h + 0*h = o*g - 1700, -g + h = -339. What are the prime factors of g?
2, 43
Suppose -14*o + 18*o + 500580 = 49*o. What are the prime factors of o?
2, 3, 103
Let d = -471 + 257. Let n = d + -109. Let w = n - -467. List the prime factors of w.
2, 3
Suppose -4*t = 25*t - 348. List the prime factors of 627 - (12*6/t)/1.
3, 23
Suppose -12*s - 4*c + 37242 = -11*s, -5 = -c. What are the prime factors of s?
2, 37, 503
Let t(n) = 0 - 3 + 8 - 8*n**2 + n**3 - n. Let a be t(8). List the prime factors of (-169)/a*(-21)/(-7).
13
List the prime factors of (-106)/(-424) - (-1138555)/20.
2, 3, 593
Let d be (-4 - 2/(-1))*-1*1. Suppose 7*k - 8*k = p - 196, d*p = -10. What are the prime factors of k?
3, 67
Let v be 495000/420 - 4/7. Suppose 3*f = -5*s + 916, 8*f - v = 4*f + 2*s. What are the prime factors of f?
3, 11
Suppose -2*l + 7*l = -3*i - 220, 4*i = 2*l + 88. Let q(u) = -u**3 - 11*u**2 + 4*u - 8. Let d be q(-12). Let t = d + l. List the prime factors of t.
2, 11
Let g be (220/12)/(-11) - 10/(-6). Suppose -3716 = -5*y + 2*h, 2*y - 4*y - h + 1490 = g. What are the prime factors of y?
2, 3, 31
Let x(d) = 3*d + 27. Let v(a) = a**2 - 3*a - 11. Let f be v(4). Let z be x(f). What are the prime factors of ((-111)/15)/(z/15)*-10?
5, 37
Let a(w) = 23*w**2 - 7*w - 13. Let b be a(-5). Let l = b - 231. List the prime factors of l.
2, 3, 61
Let h be 6 + (-92)/(-16)*236. Suppose -2*a + h + 287 = 0. What are the prime factors of a?
3, 5, 11
Suppose 300*g - 370*g = -335510. List the prime factors of g.
4793
Let o(d) = -11*d**3 + 8*d + 6. Let v be o(-3). Let u = v + 541. What are the prime factors of u?
2, 5, 41
Let o(c) = -c + 3. Let s be (-31 - -31)*(0 - (-1)/2). Let j be o(s). Suppose -3*t + j*x + 2*x + 778 = 0, -x + 766 = 3*t. What are the prime factors of t?
2
List the prime factors of (0 + 22865/51)/((-2)/(-90)).
3, 5, 269
Let v be -16*8 - (-2 - -2). Let b = -76 - v. Suppose -4*w = b - 348. List the prime factors of w.
2, 37
Let m(n) = -n**3 - 4*n**2 + 28 + 19*n**2 + 0 - 8*n + 0*n**2. Let j be (1/(-3))/(2/234*-3). List the prime factors of m(j).
2, 131
Suppose 2*w = 2, 4*u + 3*w + 35 = 130. Let d = u + -31. List the prime factors of 76/d*4*-1*2.
2, 19
Let b(n) = -n**3 - 9*n**2 - 6*n + 29. Let s be b(-10). Let t(a) = 15 - 192*a + 364*a - s*a. List the prime factors of t(-13).
2, 59
Suppose 3*q - 6*q = 5*v - 10007, 7*v = -2*q + 6664. List the prime factors of q.
3, 7, 53
Let z = 47433 + -33500. List the prime factors of z.
13933
Suppose m = -10*p + 14*p + 45, 3*m = p + 124. Suppose 46*w - m*w - 9250 = 0. List the prime factors of w.
2, 5, 37
Let l(m) = 3*m**2 + 5*m + 6. Let o = 302 - 284. List the prime factors of l(o).
2, 3, 89
Let v be 1/(-6) - 1/(-6). Let h(c) = c**3 + c + 2. Let r be h(v). Suppose -4*a = -7*a - 5*u + 561, 198 = a - r*u. What are the prime factors of a?
2, 3
Suppose c = -3*b + 135, -5*b - 135 = -c - 3*b. What are the prime factors of ((-36)/c)/(2/(-951))*5?
2, 317
Suppose -8*m = 2937 + 1863. What are the prime factors of -21*20/(-75)*m/(-3)?
2, 5, 7
Let w = 25 - 25. Suppose 0*k - k - x + 6 = w, -22 = -4*k - 2*x. Suppose p - 55 = -5*c, k*p - 2*c - 27 = 275. List the prime factors of p.
2, 3, 5
Suppose -131*v - 117*v = 24*v - 5898592. What are the prime factors of v?
2, 7, 1549
Suppose 0 = 4*x - 5*j - 6716, 2*x = -x + 4*j + 5038. List the prime factors of x.
2, 3, 31
Suppose 41*t = -250*t + 937020. What are the prime factors of t?
2, 5, 7, 23
Let i be 5/((-15)/(-2))*(-15 - -18). Suppose i*j + 38*d = 36*d + 2222, j = 3*d + 1123. List the prime factors of j.
2, 557
Suppose -a - 5 = 3*l, -3*l + 3 = 4*a - 4. Let f be (62/a)/((-6)/(-12)). Suppose -24*m = -f*m + 1421. What are the prime factors of m?
7, 29
Let i = 30390 - 15328. What are the prime factors of i?
2, 17, 443
Suppose 2*s - 4*t = 66, s = 4*s + t - 85. Suppose 0 = -5*i - 3*d + 1145, -31*i = -s*i + 3*d - 449. List the prime factors of i.
2, 29
Suppose -8869 = -5*n + 4*u, -15*n + 14*n + 1793 = 4*u. List the prime factors of n.
1777
Suppose -2*b - 2 = 4*h, -5*b + 9 = -3*h + 6*h. Suppose b*m - 30 + 300 = -3*n, 0 = m + 2. Let w = n - -274. List the prime factors of w.
2, 3, 31
Suppose 5*l + 5*d = 9 + 